[INFO] cloning repository https://github.com/Icelle/robot
[INFO] running `Command { std: "git" "-c" "credential.helper=" "-c" "credential.helper=/workspace/cargo-home/bin/git-credential-null" "clone" "--bare" "https://github.com/Icelle/robot" "/workspace/cache/git-repos/https%3A%2F%2Fgithub.com%2FIcelle%2Frobot", kill_on_drop: false }`
[INFO] [stderr] Cloning into bare repository '/workspace/cache/git-repos/https%3A%2F%2Fgithub.com%2FIcelle%2Frobot'...
[INFO] running `Command { std: "git" "rev-parse" "HEAD", kill_on_drop: false }`
[INFO] [stdout] 13d8cf8d5e650d7714cb76bc1fcce138805717a5
[INFO] checking Icelle/robot against master#cfbc6d4cf1acbac5c025acf8ed68929caa551df3 for pr-75494-beta
[INFO] running `Command { std: "git" "clone" "/workspace/cache/git-repos/https%3A%2F%2Fgithub.com%2FIcelle%2Frobot" "/workspace/builds/worker-12/source", kill_on_drop: false }`
[INFO] [stderr] Cloning into '/workspace/builds/worker-12/source'...
[INFO] [stderr] done.
[INFO] validating manifest of git repo https://github.com/Icelle/robot on toolchain cfbc6d4cf1acbac5c025acf8ed68929caa551df3
[INFO] running `Command { std: "/workspace/cargo-home/bin/cargo" "+cfbc6d4cf1acbac5c025acf8ed68929caa551df3" "read-manifest" "--manifest-path" "Cargo.toml", kill_on_drop: false }`
[INFO] started tweaking git repo https://github.com/Icelle/robot
[INFO] finished tweaking git repo https://github.com/Icelle/robot
[INFO] tweaked toml for git repo https://github.com/Icelle/robot written to /workspace/builds/worker-12/source/Cargo.toml
[INFO] crate git repo https://github.com/Icelle/robot already has a lockfile, it will not be regenerated
[INFO] running `Command { std: "/workspace/cargo-home/bin/cargo" "+cfbc6d4cf1acbac5c025acf8ed68929caa551df3" "fetch" "--locked" "--manifest-path" "Cargo.toml", kill_on_drop: false }`
[INFO] [stderr]     Blocking waiting for file lock on package cache
[INFO] running `Command { std: "docker" "create" "-v" "/var/lib/crater-agent-workspace/builds/worker-12/target:/opt/rustwide/target:rw,Z" "-v" "/var/lib/crater-agent-workspace/builds/worker-12/source:/opt/rustwide/workdir:ro,Z" "-v" "/var/lib/crater-agent-workspace/cargo-home:/opt/rustwide/cargo-home:ro,Z" "-v" "/var/lib/crater-agent-workspace/rustup-home:/opt/rustwide/rustup-home:ro,Z" "-e" "SOURCE_DIR=/opt/rustwide/workdir" "-e" "CARGO_TARGET_DIR=/opt/rustwide/target" "-e" "CARGO_HOME=/opt/rustwide/cargo-home" "-e" "RUSTUP_HOME=/opt/rustwide/rustup-home" "-w" "/opt/rustwide/workdir" "-m" "1610612736" "--user" "0:0" "--network" "none" "rustops/crates-build-env@sha256:a636fd89d022f18117e1dc8fb37a0a009933cdbbe082814857f0e2024962d47c" "/opt/rustwide/cargo-home/bin/cargo" "+cfbc6d4cf1acbac5c025acf8ed68929caa551df3" "metadata" "--no-deps" "--format-version=1", kill_on_drop: false }`
[INFO] [stdout] da7246e68f1e94c2678f83b65134acb8f112fc7514ab829699ec9a050576e658
[INFO] [stderr] WARNING: Your kernel does not support swap limit capabilities or the cgroup is not mounted. Memory limited without swap.
[INFO] running `Command { std: "docker" "start" "-a" "da7246e68f1e94c2678f83b65134acb8f112fc7514ab829699ec9a050576e658", kill_on_drop: false }`
[INFO] running `Command { std: "docker" "inspect" "da7246e68f1e94c2678f83b65134acb8f112fc7514ab829699ec9a050576e658", kill_on_drop: false }`
[INFO] running `Command { std: "docker" "rm" "-f" "da7246e68f1e94c2678f83b65134acb8f112fc7514ab829699ec9a050576e658", kill_on_drop: false }`
[INFO] [stdout] da7246e68f1e94c2678f83b65134acb8f112fc7514ab829699ec9a050576e658
[INFO] running `Command { std: "docker" "create" "-v" "/var/lib/crater-agent-workspace/builds/worker-12/target:/opt/rustwide/target:rw,Z" "-v" "/var/lib/crater-agent-workspace/builds/worker-12/source:/opt/rustwide/workdir:ro,Z" "-v" "/var/lib/crater-agent-workspace/cargo-home:/opt/rustwide/cargo-home:ro,Z" "-v" "/var/lib/crater-agent-workspace/rustup-home:/opt/rustwide/rustup-home:ro,Z" "-e" "SOURCE_DIR=/opt/rustwide/workdir" "-e" "CARGO_TARGET_DIR=/opt/rustwide/target" "-e" "CARGO_INCREMENTAL=0" "-e" "RUST_BACKTRACE=full" "-e" "RUSTFLAGS=--cap-lints=forbid" "-e" "CARGO_HOME=/opt/rustwide/cargo-home" "-e" "RUSTUP_HOME=/opt/rustwide/rustup-home" "-w" "/opt/rustwide/workdir" "-m" "1610612736" "--user" "0:0" "--network" "none" "rustops/crates-build-env@sha256:a636fd89d022f18117e1dc8fb37a0a009933cdbbe082814857f0e2024962d47c" "/opt/rustwide/cargo-home/bin/cargo" "+cfbc6d4cf1acbac5c025acf8ed68929caa551df3" "check" "--frozen" "--all" "--all-targets" "--message-format=json", kill_on_drop: false }`
[INFO] [stderr] WARNING: Your kernel does not support swap limit capabilities or the cgroup is not mounted. Memory limited without swap.
[INFO] [stdout] 1eb3873c746515b36873705b491cff7aeddaac92fb0c592648d855d4cd03a4e3
[INFO] running `Command { std: "docker" "start" "-a" "1eb3873c746515b36873705b491cff7aeddaac92fb0c592648d855d4cd03a4e3", kill_on_drop: false }`
[INFO] [stderr]     Checking robot v0.0.1 (/opt/rustwide/workdir)
[INFO] [stdout] error: invalid suffix `u` for integer literal
[INFO] [stdout]   --> src/main.rs:92:59
[INFO] [stdout]    |
[INFO] [stdout] 92 |         let mut robot: Robot = Robot{total_food_capacity: 100u, dispense_amount: 10u, current_food_level: 100u, name: "Butler".to_string()};
[INFO] [stdout]    |                                                           ^^^^ invalid suffix `u`
[INFO] [stdout]    |
[INFO] [stdout]    = help: the suffix must be one of the integral types (`u32`, `isize`, etc)
[INFO] [stdout] 
[INFO] [stdout] 
[INFO] [stdout] error: invalid suffix `u` for integer literal
[INFO] [stdout]   --> src/main.rs:92:82
[INFO] [stdout]    |
[INFO] [stdout] 92 |         let mut robot: Robot = Robot{total_food_capacity: 100u, dispense_amount: 10u, current_food_level: 100u, name: "Butler".to_string()};
[INFO] [stdout]    |                                                                                  ^^^ invalid suffix `u`
[INFO] [stdout]    |
[INFO] [stdout]    = help: the suffix must be one of the integral types (`u32`, `isize`, etc)
[INFO] [stdout] 
[INFO] [stdout] 
[INFO] [stdout] error: invalid suffix `u` for integer literal
[INFO] [stdout]   --> src/main.rs:92:107
[INFO] [stdout]    |
[INFO] [stdout] 92 |         let mut robot: Robot = Robot{total_food_capacity: 100u, dispense_amount: 10u, current_food_level: 100u, name: "Butler".to_string()};
[INFO] [stdout]    |                                                                                                           ^^^^ invalid suffix `u`
[INFO] [stdout]    |
[INFO] [stdout]    = help: the suffix must be one of the integral types (`u32`, `isize`, etc)
[INFO] [stdout] 
[INFO] [stdout] 
[INFO] [stdout] error: invalid suffix `u` for integer literal
[INFO] [stdout]    --> src/main.rs:100:59
[INFO] [stdout]     |
[INFO] [stdout] 100 |         let mut robot: Robot = Robot{total_food_capacity: 100u, dispense_amount: 10u, current_food_level: 0u, name: "Butler".to_string()};
[INFO] [stdout]     |                                                           ^^^^ invalid suffix `u`
[INFO] [stdout]     |
[INFO] [stdout]     = help: the suffix must be one of the integral types (`u32`, `isize`, etc)
[INFO] [stdout] 
[INFO] [stdout] 
[INFO] [stdout] error: invalid suffix `u` for integer literal
[INFO] [stdout]    --> src/main.rs:100:82
[INFO] [stdout]     |
[INFO] [stdout] 100 |         let mut robot: Robot = Robot{total_food_capacity: 100u, dispense_amount: 10u, current_food_level: 0u, name: "Butler".to_string()};
[INFO] [stdout]     |                                                                                  ^^^ invalid suffix `u`
[INFO] [stdout]     |
[INFO] [stdout]     = help: the suffix must be one of the integral types (`u32`, `isize`, etc)
[INFO] [stdout] 
[INFO] [stdout] 
[INFO] [stdout] error: invalid suffix `u` for integer literal
[INFO] [stdout]    --> src/main.rs:100:107
[INFO] [stdout]     |
[INFO] [stdout] 100 |         let mut robot: Robot = Robot{total_food_capacity: 100u, dispense_amount: 10u, current_food_level: 0u, name: "Butler".to_string()};
[INFO] [stdout]     |                                                                                                           ^^ invalid suffix `u`
[INFO] [stdout]     |
[INFO] [stdout]     = help: the suffix must be one of the integral types (`u32`, `isize`, etc)
[INFO] [stdout] 
[INFO] [stdout] 
[INFO] [stdout] error[E0412]: cannot find type `uint` in this scope
[INFO] [stdout]  --> src/main.rs:3:23
[INFO] [stdout]   |
[INFO] [stdout] 3 |     pub hunger_level: uint,
[INFO] [stdout]   |                       ^^^^ not found in this scope
[INFO] [stdout] 
[INFO] [stdout] 
[INFO] [stdout] error[E0412]: cannot find type `uint` in this scope
[INFO] [stdout]   --> src/main.rs:29:26
[INFO] [stdout]    |
[INFO] [stdout] 29 |     total_food_capacity: uint,
[INFO] [stdout]    |                          ^^^^ not found in this scope
[INFO] [stdout] 
[INFO] [stdout] 
[INFO] [stdout] error[E0412]: cannot find type `uint` in this scope
[INFO] [stdout]   --> src/main.rs:30:22
[INFO] [stdout]    |
[INFO] [stdout] 30 |     dispense_amount: uint,
[INFO] [stdout]    |                      ^^^^ not found in this scope
[INFO] [stdout] 
[INFO] [stdout] 
[INFO] [stdout] error[E0412]: cannot find type `uint` in this scope
[INFO] [stdout]   --> src/main.rs:31:25
[INFO] [stdout]    |
[INFO] [stdout] 31 |     current_food_level: uint,
[INFO] [stdout]    |                         ^^^^ not found in this scope
[INFO] [stdout] 
[INFO] [stdout] 
[INFO] [stdout] error: invalid suffix `u` for integer literal
[INFO] [stdout]   --> src/main.rs:92:59
[INFO] [stdout]    |
[INFO] [stdout] 92 |         let mut robot: Robot = Robot{total_food_capacity: 100u, dispense_amount: 10u, current_food_level: 100u, name: "Butler".to_string()};
[INFO] [stdout]    |                                                           ^^^^ invalid suffix `u`
[INFO] [stdout]    |
[INFO] [stdout]    = help: the suffix must be one of the integral types (`u32`, `isize`, etc)
[INFO] [stdout] 
[INFO] [stdout] 
[INFO] [stdout] error: invalid suffix `u` for integer literal
[INFO] [stdout]   --> src/main.rs:92:82
[INFO] [stdout]    |
[INFO] [stdout] 92 |         let mut robot: Robot = Robot{total_food_capacity: 100u, dispense_amount: 10u, current_food_level: 100u, name: "Butler".to_string()};
[INFO] [stdout]    |                                                                                  ^^^ invalid suffix `u`
[INFO] [stdout]    |
[INFO] [stdout]    = help: the suffix must be one of the integral types (`u32`, `isize`, etc)
[INFO] [stdout] 
[INFO] [stdout] 
[INFO] [stdout] error: invalid suffix `u` for integer literal
[INFO] [stdout]   --> src/main.rs:92:107
[INFO] [stdout]    |
[INFO] [stdout] 92 |         let mut robot: Robot = Robot{total_food_capacity: 100u, dispense_amount: 10u, current_food_level: 100u, name: "Butler".to_string()};
[INFO] [stdout]    |                                                                                                           ^^^^ invalid suffix `u`
[INFO] [stdout]    |
[INFO] [stdout]    = help: the suffix must be one of the integral types (`u32`, `isize`, etc)
[INFO] [stdout] 
[INFO] [stdout] 
[INFO] [stdout] error: invalid suffix `u` for integer literal
[INFO] [stdout]    --> src/main.rs:100:59
[INFO] [stdout]     |
[INFO] [stdout] 100 |         let mut robot: Robot = Robot{total_food_capacity: 100u, dispense_amount: 10u, current_food_level: 0u, name: "Butler".to_string()};
[INFO] [stdout]     |                                                           ^^^^ invalid suffix `u`
[INFO] [stdout]     |
[INFO] [stdout]     = help: the suffix must be one of the integral types (`u32`, `isize`, etc)
[INFO] [stdout] 
[INFO] [stdout] 
[INFO] [stdout] error: invalid suffix `u` for integer literal
[INFO] [stdout]    --> src/main.rs:100:82
[INFO] [stdout]     |
[INFO] [stdout] 100 |         let mut robot: Robot = Robot{total_food_capacity: 100u, dispense_amount: 10u, current_food_level: 0u, name: "Butler".to_string()};
[INFO] [stdout]     |                                                                                  ^^^ invalid suffix `u`
[INFO] [stdout]     |
[INFO] [stdout]     = help: the suffix must be one of the integral types (`u32`, `isize`, etc)
[INFO] [stdout] 
[INFO] [stdout] 
[INFO] [stdout] error: invalid suffix `u` for integer literal
[INFO] [stdout]    --> src/main.rs:100:107
[INFO] [stdout]     |
[INFO] [stdout] 100 |         let mut robot: Robot = Robot{total_food_capacity: 100u, dispense_amount: 10u, current_food_level: 0u, name: "Butler".to_string()};
[INFO] [stdout]     |                                                                                                           ^^ invalid suffix `u`
[INFO] [stdout]     |
[INFO] [stdout]     = help: the suffix must be one of the integral types (`u32`, `isize`, etc)
[INFO] [stdout] 
[INFO] [stdout] 
[INFO] [stdout] error[E0277]: the trait bound `Koa: std::clone::Clone` is not satisfied
[INFO] [stdout]    --> src/main.rs:1:10
[INFO] [stdout]     |
[INFO] [stdout] 1   | #[derive(Copy)]
[INFO] [stdout]     |          ^^^^ the trait `std::clone::Clone` is not implemented for `Koa`
[INFO] [stdout]     |
[INFO] [stdout]     = note: this error originates in a derive macro (in Nightly builds, run with -Z macro-backtrace for more info)
[INFO] [stdout] 
[INFO] [stdout] 
[INFO] [stdout] error: aborting due to 11 previous errors
[INFO] [stdout] 
[INFO] [stdout] 
[INFO] [stdout] Some errors have detailed explanations: E0277, E0412.
[INFO] [stdout] 
[INFO] [stdout] For more information about an error, try `rustc --explain E0277`.
[INFO] [stdout] 
[INFO] [stderr] error: could not compile `robot`.
[INFO] [stderr] 
[INFO] [stderr] To learn more, run the command again with --verbose.
[INFO] [stderr] warning: build failed, waiting for other jobs to finish...
[INFO] [stdout] error[E0412]: cannot find type `uint` in this scope
[INFO] [stdout]  --> src/main.rs:3:23
[INFO] [stdout]   |
[INFO] [stdout] 3 |     pub hunger_level: uint,
[INFO] [stdout]   |                       ^^^^ not found in this scope
[INFO] [stdout] 
[INFO] [stdout] 
[INFO] [stdout] error[E0412]: cannot find type `uint` in this scope
[INFO] [stdout]   --> src/main.rs:29:26
[INFO] [stdout]    |
[INFO] [stdout] 29 |     total_food_capacity: uint,
[INFO] [stdout]    |                          ^^^^ not found in this scope
[INFO] [stdout] 
[INFO] [stdout] 
[INFO] [stdout] error[E0412]: cannot find type `uint` in this scope
[INFO] [stdout]   --> src/main.rs:30:22
[INFO] [stdout]    |
[INFO] [stdout] 30 |     dispense_amount: uint,
[INFO] [stdout]    |                      ^^^^ not found in this scope
[INFO] [stdout] 
[INFO] [stdout] 
[INFO] [stdout] error[E0412]: cannot find type `uint` in this scope
[INFO] [stdout]   --> src/main.rs:31:25
[INFO] [stdout]    |
[INFO] [stdout] 31 |     current_food_level: uint,
[INFO] [stdout]    |                         ^^^^ not found in this scope
[INFO] [stdout] 
[INFO] [stdout] 
[INFO] [stdout] error[E0277]: the trait bound `Koa: std::clone::Clone` is not satisfied
[INFO] [stdout]    --> src/main.rs:1:10
[INFO] [stdout]     |
[INFO] [stdout] 1   | #[derive(Copy)]
[INFO] [stdout]     |          ^^^^ the trait `std::clone::Clone` is not implemented for `Koa`
[INFO] [stdout]     |
[INFO] [stdout]     = note: this error originates in a derive macro (in Nightly builds, run with -Z macro-backtrace for more info)
[INFO] [stdout] 
[INFO] [stdout] 
[INFO] [stdout] error: aborting due to 11 previous errors
[INFO] [stdout] 
[INFO] [stdout] 
[INFO] [stdout] Some errors have detailed explanations: E0277, E0412.
[INFO] [stdout] 
[INFO] [stdout] For more information about an error, try `rustc --explain E0277`.
[INFO] [stdout] 
[INFO] [stderr] error: build failed
[INFO] running `Command { std: "docker" "inspect" "1eb3873c746515b36873705b491cff7aeddaac92fb0c592648d855d4cd03a4e3", kill_on_drop: false }`
[INFO] running `Command { std: "docker" "rm" "-f" "1eb3873c746515b36873705b491cff7aeddaac92fb0c592648d855d4cd03a4e3", kill_on_drop: false }`
[INFO] [stdout] 1eb3873c746515b36873705b491cff7aeddaac92fb0c592648d855d4cd03a4e3
